{"id":14,"date":"2026-04-05T17:20:53","date_gmt":"2026-04-05T16:20:53","guid":{"rendered":"https:\/\/lllljro.cluster100.hosting.ovh.net\/?page_id=14"},"modified":"2026-04-06T05:13:52","modified_gmt":"2026-04-06T04:13:52","slug":"home","status":"publish","type":"page","link":"https:\/\/patapon95.fr\/","title":{"rendered":"Home"},"content":{"rendered":"<div class=\"et_pb_section_0 et_pb_section et_section_regular et_block_section preset--module--divi-section--93fc173a-8ddb-4895-b0ef-bfcf1d5f7dc6\">\n<div class=\"et_pb_row_0 et_pb_row et_block_row\">\n<div class=\"et_pb_column_0 et_pb_column et_pb_column_4_4 et-last-child et_block_column et_pb_css_mix_blend_mode_passthrough\">\n<div class=\"et_pb_heading_0 et_pb_heading et_pb_module et_block_module preset--module--divi-heading--5cc275b2-b54a-44e7-a32c-abf79622799f\"><div class=\"et_pb_heading_container\"><h1 class=\"et_pb_module_header\">Patapon (Site en construction)<\/h1><\/div><\/div>\n\n<div class=\"et_pb_text_0 et_pb_text et_pb_bg_layout_light et_pb_module et_block_module et_pb_text_align_center preset--module--divi-text--default\"><div class=\"et_pb_text_inner\"><p>\u00c9galit\u00e9 femme-homme. Lutte contre les violences de genre. Pr\u00e9vention, r\u00e9paration, aide psychologique, orientation.<\/p>\n<\/div><\/div>\n<\/div>\n<\/div>\n\n<div class=\"et_pb_row_1 et_pb_row et_pb_equal_columns et_block_row\">\n<div class=\"et_pb_column_1 et_pb_column et_pb_column_1_3 et_block_column et_pb_css_mix_blend_mode_passthrough preset--module--divi-column--52115fba-d092-4238-883d-5957f46de4ce\">\n<div class=\"et_pb_number_counter_0 et_pb_number_counter et_pb_bg_layout_light et_pb_text_align_left et_pb_module et_block_module preset--module--divi-number-counter--default\"><div class=\"percent\"><p><span class=\"percent-value\"><\/span><span class=\"percent-sign\"><\/span><\/p><\/div><\/div>\n\n<div class=\"et_pb_heading_1 et_pb_heading et_pb_module et_block_module preset--module--divi-heading--59f599c4-b01e-4a9b-a0a5-f7b3e354c75a\"><div class=\"et_pb_heading_container\"><h4 class=\"et_pb_module_header\">Au moins 98 en 2025<\/h4><\/div><\/div>\n\n<div class=\"et_pb_text_1 et_pb_text et_pb_bg_layout_light et_pb_module et_block_module preset--module--divi-text--default\"><div class=\"et_pb_text_inner\"><p>Au total, 1 283 femmes ont \u00e9t\u00e9 victimes de (tentatives de) f\u00e9minicides au sein du couple, directs ou indirects en 2024.<\/p>\n<\/div><\/div>\n<\/div>\n\n<div class=\"et_pb_column_2 et_pb_column et_pb_column_1_3 et_block_column et_pb_css_mix_blend_mode_passthrough preset--module--divi-column--b2afa376-ca13-4be9-8294-3d2b586e8a03\">\n<div class=\"et_pb_icon_0 et_pb_icon et_pb_module et_block_module preset--module--divi-icon--default\"><span class=\"et_pb_icon_wrap\"><span class=\"et-pb-icon\">\uf4c1<\/span><\/span><\/div>\n\n<div class=\"et_pb_heading_2 et_pb_heading et_pb_module et_block_module preset--module--divi-heading--59f599c4-b01e-4a9b-a0a5-f7b3e354c75a\"><div class=\"et_pb_heading_container\"><h4 class=\"et_pb_module_header\">Pr\u00e9vention des violences de genres<\/h4><\/div><\/div>\n\n<div class=\"et_pb_text_2 et_pb_text et_pb_bg_layout_light et_pb_module et_block_module preset--module--divi-text--a4d5bd0b-c6df-4efa-93df-b960974f4af4\"><div class=\"et_pb_text_inner\"><p>Actions de proximit\u00e9.<br \/>\nSensibilisation<br \/>\nLutte contre les st\u00e9r\u00e9otypes de genre<\/p>\n<\/div><\/div>\n<\/div>\n\n<div class=\"et_pb_column_3 et_pb_column et_pb_column_1_3 et-last-child et_block_column et_pb_css_mix_blend_mode_passthrough\">\n<div class=\"et_pb_image_0 et_pb_image et_pb_module et_block_module preset--module--divi-image--default\"><span class=\"et_pb_image_wrap\"><img loading=\"lazy\" decoding=\"async\" src=\"http:\/\/patapon95.fr\/wp-content\/uploads\/2026\/04\/pierre-et-Brigitte.jpg\" title=\"pierre et Brigitte\" width=\"1600\" height=\"1067\" srcset=\"http:\/\/patapon95.fr\/wp-content\/uploads\/2026\/04\/pierre-et-Brigitte.jpg 1600w, http:\/\/patapon95.fr\/wp-content\/uploads\/2026\/04\/pierre-et-Brigitte-1280x854.jpg 1280w, http:\/\/patapon95.fr\/wp-content\/uploads\/2026\/04\/pierre-et-Brigitte-980x654.jpg 980w, http:\/\/patapon95.fr\/wp-content\/uploads\/2026\/04\/pierre-et-Brigitte-480x320.jpg 480w\" sizes=\"(min-width: 0px) and (max-width: 480px) 480px, (min-width: 481px) and (max-width: 980px) 980px, (min-width: 981px) and (max-width: 1280px) 1280px, (min-width: 1281px) 1600px, 100vw\" class=\"wp-image-75\" \/><\/span><\/div>\n\n<div class=\"et_pb_module et_pb_button_module_wrapper et_pb_button_0_wrapper preset--module--divi-button--default_wrapper\"><a class=\"et_pb_button_0 et_pb_button et_pb_bg_layout_light et_pb_module et_block_module preset--module--divi-button--default\" href=\"\">En cours<\/a><\/div>\n<\/div>\n<\/div>\n<\/div>\n\n<div class=\"et_pb_section_1 et_pb_section et_section_regular et_block_section preset--module--divi-section--5ca0172d-92d0-465d-bd0d-1f5afa9d3ac6\">\n<div class=\"et_pb_row_2 et_pb_row et_block_row\">\n<div class=\"et_pb_column_4 et_pb_column et_pb_column_4_4 et-last-child et_block_column et_pb_css_mix_blend_mode_passthrough\">\n<div class=\"et_pb_heading_3 et_pb_heading et_pb_module et_block_module preset--module--divi-heading--9c893687-ec67-4d71-bd14-51846ddf40ec\"><div class=\"et_pb_heading_container\"><h4 class=\"et_pb_module_header\">Our Mission<\/h4><\/div><\/div>\n\n<div class=\"et_pb_heading_4 et_pb_heading et_pb_module et_block_module preset--module--divi-heading--f227339e-7765-464e-a406-f347a16a3e1c\"><div class=\"et_pb_heading_container\"><h3 class=\"et_pb_module_header\">Our mission is to ensure that every person has access to clean, safe, and sustainable water. We are committed to improving health, empowering communities, and fostering environmental stewardship through innovative and sustainable water solutions.<\/h3><\/div><\/div>\n<\/div>\n<\/div>\n<\/div>\n\n<div class=\"et_pb_section_2 et_pb_section et_section_regular et_block_section et_pb_section_parallax preset--module--divi-section--default\"><span class=\"et-pb-parallax-wrapper\"><span class=\"et-pb-parallax-background et-pb-parallax-background-module--divi-section-2\" style=\"background-image:url(http:\/\/lllljro.cluster100.hosting.ovh.net\/wp-content\/uploads\/2026\/04\/non-profit-02.jpg)\"><\/span><\/span>\n<div class=\"et_pb_row_3 et_pb_row et_block_row\">\n<div class=\"et_pb_column_5 et_pb_column et_pb_column_1_2 et_block_column et_pb_css_mix_blend_mode_passthrough preset--module--divi-column--b7833b95-2e9d-4a64-a14a-e265ab475b11\">\n<div class=\"et_pb_heading_5 et_pb_heading et_pb_module et_block_module preset--module--divi-heading--f227339e-7765-464e-a406-f347a16a3e1c\"><div class=\"et_pb_heading_container\"><h3 class=\"et_pb_module_header\">100% of Donations Fund Clean and Safe Drinking Water<\/h3><\/div><\/div>\n\n<div class=\"et_pb_text_3 et_pb_text et_pb_bg_layout_light et_pb_module et_block_module et_pb_text_align_center preset--module--divi-text--a4d5bd0b-c6df-4efa-93df-b960974f4af4\"><div class=\"et_pb_text_inner\"><p>Rest assured that every dollar you donate goes directly to funding projects that provide clean and safe drinking water. Your generous support is dedicated entirely to making a tangible impact in communities in need.<\/p>\n<\/div><\/div>\n\n<div class=\"et_pb_module et_pb_button_module_wrapper et_pb_button_1_wrapper preset--module--divi-button--ec232acc-c5d4-452c-a33a-229826290fa9_wrapper\"><a class=\"et_pb_button_1 et_pb_button et_pb_bg_layout_light et_pb_module et_block_module preset--module--divi-button--ec232acc-c5d4-452c-a33a-229826290fa9\" href=\"\">Donate Now<\/a><\/div>\n<\/div>\n\n<div class=\"et_pb_column_6 et_pb_column et_pb_column_1_2 et-last-child et_block_column et_pb_column_empty et_pb_css_mix_blend_mode_passthrough\"><\/div>\n<\/div>\n<\/div>\n\n<div class=\"et_pb_section_3 et_pb_section et_section_regular et_block_section preset--module--divi-section--default\">\n<div class=\"et_pb_row_4 et_pb_row et_block_row\">\n<div class=\"et_pb_column_7 et_pb_column et_pb_column_4_4 et-last-child et_block_column et_pb_css_mix_blend_mode_passthrough\">\n<div class=\"et_pb_heading_6 et_pb_heading et_pb_module et_block_module preset--module--divi-heading--9c893687-ec67-4d71-bd14-51846ddf40ec\"><div class=\"et_pb_heading_container\"><h4 class=\"et_pb_module_header\">Programs<\/h4><\/div><\/div>\n\n<div class=\"et_pb_heading_7 et_pb_heading et_pb_module et_block_module preset--module--divi-heading--default\"><div class=\"et_pb_heading_container\"><h2 class=\"et_pb_module_header\">Current Initiatives & Projects<\/h2><\/div><\/div>\n<\/div>\n<\/div>\n\n<div class=\"et_pb_row_5 et_pb_row et_block_row\">\n<div class=\"et_pb_column_8 et_pb_column et_pb_column_1_3 et_block_column et_pb_css_mix_blend_mode_passthrough\">\n<div class=\"et_pb_image_1 et_pb_image et_pb_module et_block_module preset--module--divi-image--default\"><span class=\"et_pb_image_wrap\"><img decoding=\"async\" src=\"http:\/\/lllljro.cluster100.hosting.ovh.net\/wp-content\/uploads\/2026\/04\/non-profit-08.jpg\" title=\"non-profit-08\" \/><\/span><\/div>\n\n<div class=\"et_pb_heading_8 et_pb_heading et_pb_module et_block_module preset--module--divi-heading--59f599c4-b01e-4a9b-a0a5-f7b3e354c75a\"><div class=\"et_pb_heading_container\"><h4 class=\"et_pb_module_header\">Coastal Cleanup<\/h4><\/div><\/div>\n\n<div class=\"et_pb_text_4 et_pb_text et_pb_bg_layout_light et_pb_module et_block_module preset--module--divi-text--default\"><div class=\"et_pb_text_inner\"><p>Join us for a Coastal Cleanup event where volunteers come together to remove trash and debris from our beautiful coastlines<\/p>\n<\/div><\/div>\n\n<div class=\"et_pb_heading_9 et_pb_heading et_pb_module et_block_module preset--module--divi-heading--9c893687-ec67-4d71-bd14-51846ddf40ec\"><div class=\"et_pb_heading_container\"><h4 class=\"et_pb_module_header\">Goal: $250,000<\/h4><\/div><\/div>\n\n<div class=\"et_pb_module et_pb_button_module_wrapper et_pb_button_2_wrapper preset--module--divi-button--509e8fe3-8b41-4e8d-a483-74b68b7e4d24_wrapper\"><a class=\"et_pb_button_2 et_pb_button et_pb_bg_layout_light et_pb_module et_block_module preset--module--divi-button--509e8fe3-8b41-4e8d-a483-74b68b7e4d24\" href=\"\">Donate Now<\/a><\/div>\n<\/div>\n\n<div class=\"et_pb_column_9 et_pb_column et_pb_column_1_3 et_block_column et_pb_css_mix_blend_mode_passthrough\">\n<div class=\"et_pb_image_2 et_pb_image et_pb_module et_block_module preset--module--divi-image--default\"><span class=\"et_pb_image_wrap\"><img decoding=\"async\" src=\"http:\/\/lllljro.cluster100.hosting.ovh.net\/wp-content\/uploads\/2026\/04\/non-profit-07.jpg\" title=\"non-profit-07\" \/><\/span><\/div>\n\n<div class=\"et_pb_heading_10 et_pb_heading et_pb_module et_block_module preset--module--divi-heading--59f599c4-b01e-4a9b-a0a5-f7b3e354c75a\"><div class=\"et_pb_heading_container\"><h4 class=\"et_pb_module_header\">Marine Education<\/h4><\/div><\/div>\n\n<div class=\"et_pb_text_5 et_pb_text et_pb_bg_layout_light et_pb_module et_block_module preset--module--divi-text--default\"><div class=\"et_pb_text_inner\"><p>Dive into Marine Education Day, an engaging event designed to raise awareness about marine ecosystems and the importance of ocean conservation.<\/p>\n<\/div><\/div>\n\n<div class=\"et_pb_heading_11 et_pb_heading et_pb_module et_block_module preset--module--divi-heading--9c893687-ec67-4d71-bd14-51846ddf40ec\"><div class=\"et_pb_heading_container\"><h4 class=\"et_pb_module_header\">Goal: $50,000<\/h4><\/div><\/div>\n\n<div class=\"et_pb_module et_pb_button_module_wrapper et_pb_button_3_wrapper preset--module--divi-button--509e8fe3-8b41-4e8d-a483-74b68b7e4d24_wrapper\"><a class=\"et_pb_button_3 et_pb_button et_pb_bg_layout_light et_pb_module et_block_module preset--module--divi-button--509e8fe3-8b41-4e8d-a483-74b68b7e4d24\" href=\"\">Donate Now<\/a><\/div>\n<\/div>\n\n<div class=\"et_pb_column_10 et_pb_column et_pb_column_1_3 et-last-child et_block_column et_pb_css_mix_blend_mode_passthrough\">\n<div class=\"et_pb_image_3 et_pb_image et_pb_module et_block_module preset--module--divi-image--default\"><span class=\"et_pb_image_wrap\"><img decoding=\"async\" src=\"http:\/\/lllljro.cluster100.hosting.ovh.net\/wp-content\/uploads\/2026\/04\/non-profit-06.jpg\" title=\"non-profit-06\" \/><\/span><\/div>\n\n<div class=\"et_pb_heading_12 et_pb_heading et_pb_module et_block_module preset--module--divi-heading--59f599c4-b01e-4a9b-a0a5-f7b3e354c75a\"><div class=\"et_pb_heading_container\"><h4 class=\"et_pb_module_header\">Habitat Restoration<\/h4><\/div><\/div>\n\n<div class=\"et_pb_text_6 et_pb_text et_pb_bg_layout_light et_pb_module et_block_module preset--module--divi-text--default\"><div class=\"et_pb_text_inner\"><p>Be a part of our Habitat Restoration event, where volunteers work on projects to restore natural habitats for local wildlife.<\/p>\n<\/div><\/div>\n\n<div class=\"et_pb_heading_13 et_pb_heading et_pb_module et_block_module preset--module--divi-heading--9c893687-ec67-4d71-bd14-51846ddf40ec\"><div class=\"et_pb_heading_container\"><h4 class=\"et_pb_module_header\">Goal: $150,000<\/h4><\/div><\/div>\n\n<div class=\"et_pb_module et_pb_button_module_wrapper et_pb_button_4_wrapper preset--module--divi-button--509e8fe3-8b41-4e8d-a483-74b68b7e4d24_wrapper\"><a class=\"et_pb_button_4 et_pb_button et_pb_bg_layout_light et_pb_module et_block_module preset--module--divi-button--509e8fe3-8b41-4e8d-a483-74b68b7e4d24\" href=\"\">Donate Now<\/a><\/div>\n<\/div>\n<\/div>\n<\/div>\n\n<div class=\"et_pb_section_4 et_pb_section et_section_regular et_block_section et_pb_section_parallax preset--module--divi-section--210f8fcf-b94a-49ca-9121-f77773daaeb3\"><span class=\"et-pb-parallax-wrapper\"><span class=\"et-pb-parallax-background et-pb-parallax-background-module--divi-section-4 et_parallax_bg_phone_exist\" style=\"background-image:url(http:\/\/lllljro.cluster100.hosting.ovh.net\/wp-content\/uploads\/2026\/04\/non-profit-illustration-02.png)\"><\/span><span class=\"et_parallax_gradient et_parallax_gradient_phone_exist\" style=\"background-image:linear-gradient(180deg, #072130 0%,rgba(255,255,255,0) 40%,rgba(255,255,255,0) 60%,#072130 100%)\"><\/span><\/span><span class=\"et-pb-parallax-wrapper\"><span class=\"et-pb-parallax-background et-pb-parallax-background_phone et-pb-parallax-background_phone-module--divi-section-4\" style=\"background-image:url(http:\/\/lllljro.cluster100.hosting.ovh.net\/wp-content\/uploads\/2026\/04\/non-profit-illustration-02.png)\"><\/span><span class=\"et_parallax_gradient et_parallax_gradient_phone\" style=\"background-image:linear-gradient(180deg, #072130 0%,rgba(255,255,255,0) 40%,rgba(255,255,255,0) 60%,#072130 100%)\"><\/span><\/span>\n<div class=\"et_pb_row_6 et_pb_row et_block_row\">\n<div class=\"et_pb_column_11 et_pb_column et_pb_column_4_4 et-last-child et_block_column et_pb_css_mix_blend_mode_passthrough\">\n<div class=\"et_pb_heading_14 et_pb_heading et_pb_module et_block_module preset--module--divi-heading--9c893687-ec67-4d71-bd14-51846ddf40ec\"><div class=\"et_pb_heading_container\"><h4 class=\"et_pb_module_header\">Clean Water for All<\/h4><\/div><\/div>\n\n<div class=\"et_pb_heading_15 et_pb_heading et_pb_module et_block_module preset--module--divi-heading--default\"><div class=\"et_pb_heading_container\"><h2 class=\"et_pb_module_header\">A Global Initiative<\/h2><\/div><\/div>\n\n<div class=\"et_pb_text_7 et_pb_text et_pb_bg_layout_light et_pb_module et_block_module et_pb_text_align_center preset--module--divi-text--a4d5bd0b-c6df-4efa-93df-b960974f4af4\"><div class=\"et_pb_text_inner\"><p>Through extensive research and collaboration with local communities and marine scientists, we've developed a comprehensive approach to coral.<\/p>\n<\/div><\/div>\n\n<div class=\"et_pb_module et_pb_button_module_wrapper et_pb_button_5_wrapper preset--module--divi-button--ec232acc-c5d4-452c-a33a-229826290fa9_wrapper\"><a class=\"et_pb_button_5 et_pb_button et_pb_bg_layout_light et_pb_module et_block_module preset--module--divi-button--ec232acc-c5d4-452c-a33a-229826290fa9\" href=\"\">Get Involved<\/a><\/div>\n<\/div>\n<\/div>\n<\/div>\n\n<div class=\"et_pb_section_5 et_pb_section et_section_regular et_block_section preset--module--divi-section--5ca0172d-92d0-465d-bd0d-1f5afa9d3ac6\">\n<div class=\"et_pb_row_7 et_pb_row et_block_row\">\n<div class=\"et_pb_column_12 et_pb_column et_pb_column_1_3 et_block_column et_pb_css_mix_blend_mode_passthrough\">\n<div class=\"et_pb_number_counter_1 et_pb_number_counter et_pb_bg_layout_light et_pb_text_align_center et_pb_module et_block_module preset--module--divi-number-counter--default\"><div class=\"percent\"><p><span class=\"percent-value\"><\/span><span class=\"percent-sign\">%<\/span><\/p><\/div><\/div>\n\n<div class=\"et_pb_text_8 et_pb_text et_pb_bg_layout_light et_pb_module et_block_module et_pb_text_align_center preset--module--divi-text--a4d5bd0b-c6df-4efa-93df-b960974f4af4\"><div class=\"et_pb_text_inner\"><p>Over 70% of the Earth's surface is covered by oceans, making them the planet's largest habitat.<\/p>\n<\/div><\/div>\n<\/div>\n\n<div class=\"et_pb_column_13 et_pb_column et_pb_column_1_3 et_block_column et_pb_css_mix_blend_mode_passthrough\">\n<div class=\"et_pb_number_counter_2 et_pb_number_counter et_pb_bg_layout_light et_pb_text_align_center et_pb_module et_block_module preset--module--divi-number-counter--default\"><div class=\"percent\"><p><span class=\"percent-value\"><\/span><span class=\"percent-sign\"><\/span><\/p><\/div><\/div>\n\n<div class=\"et_pb_text_9 et_pb_text et_pb_bg_layout_light et_pb_module et_block_module et_pb_text_align_center preset--module--divi-text--a4d5bd0b-c6df-4efa-93df-b960974f4af4\"><div class=\"et_pb_text_inner\"><p>Over 500 wells dug in communities across multiple countries, providing reliable access to clean water.<\/p>\n<\/div><\/div>\n<\/div>\n\n<div class=\"et_pb_column_14 et_pb_column et_pb_column_1_3 et-last-child et_block_column et_pb_css_mix_blend_mode_passthrough\">\n<div class=\"et_pb_number_counter_3 et_pb_number_counter et_pb_bg_layout_light et_pb_text_align_center et_pb_module et_block_module preset--module--divi-number-counter--default\"><div class=\"percent\"><p><span class=\"percent-value\"><\/span><span class=\"percent-sign\"><\/span><\/p><\/div><\/div>\n\n<div class=\"et_pb_text_10 et_pb_text et_pb_bg_layout_light et_pb_module et_block_module et_pb_text_align_center preset--module--divi-text--a4d5bd0b-c6df-4efa-93df-b960974f4af4\"><div class=\"et_pb_text_inner\"><p>More than 1.5 million gallons of clean water generated annually through our sustainable water projects.<\/p>\n<\/div><\/div>\n<\/div>\n<\/div>\n<\/div>\n\n<div class=\"et_pb_section_6 et_pb_section et_section_regular et_block_section et_pb_section_parallax preset--module--divi-section--903608f7-e57f-4dd6-9c67-77df3a52a79b\"><span class=\"et-pb-parallax-wrapper\"><span class=\"et-pb-parallax-background et-pb-parallax-background-module--divi-section-6\" style=\"background-image:url(http:\/\/lllljro.cluster100.hosting.ovh.net\/wp-content\/uploads\/2026\/04\/non-profit-01.jpg)\"><\/span><span class=\"et_parallax_gradient\" style=\"background-image:radial-gradient(circle at top left, #072130 30%,rgba(255,255,255,0) 100%)\"><\/span><\/span>\n<div class=\"et_pb_row_8 et_pb_row et_block_row\">\n<div class=\"et_pb_column_15 et_pb_column et_pb_column_4_4 et-last-child et_block_column et_pb_css_mix_blend_mode_passthrough\">\n<div class=\"et_pb_heading_16 et_pb_heading et_pb_module et_block_module preset--module--divi-heading--f227339e-7765-464e-a406-f347a16a3e1c\"><div class=\"et_pb_heading_container\"><h3 class=\"et_pb_module_header\">Our Coral Reef Restoration project aims to revitalize degraded coral reefs in Miami through a combination of coral transplantation, artificial reef structures, & community involvement.<\/h3><\/div><\/div>\n\n<div class=\"et_pb_module et_pb_button_module_wrapper et_pb_button_6_wrapper preset--module--divi-button--default_wrapper\"><a class=\"et_pb_button_6 et_pb_button et_pb_bg_layout_light et_pb_module et_block_module preset--module--divi-button--default\" href=\"\">Donate Now<\/a><\/div>\n<\/div>\n<\/div>\n<\/div>\n\n<div class=\"et_pb_section_7 et_pb_section et_section_specialty et_pb_gutters3 et_block_section\"><div class=\"et_pb_row et_block_row\">\n<div class=\"et_pb_column_16 et_pb_column et_pb_column_single et_pb_column_1_2 et_block_column et_pb_css_mix_blend_mode_passthrough\">\n<div class=\"et_pb_heading_17 et_pb_heading et_pb_module et_block_module preset--module--divi-heading--9c893687-ec67-4d71-bd14-51846ddf40ec\"><div class=\"et_pb_heading_container\"><h4 class=\"et_pb_module_header\">How You Can Help<\/h4><\/div><\/div>\n\n<div class=\"et_pb_heading_18 et_pb_heading et_pb_module et_block_module preset--module--divi-heading--default\"><div class=\"et_pb_heading_container\"><h2 class=\"et_pb_module_header\">Getting Involved<\/h2><\/div><\/div>\n\n<div class=\"et_pb_blurb_0 et_pb_blurb et_pb_bg_layout_light et_pb_blurb_position_left et_pb_module et_block_module preset--module--divi-blurb--default\"><div class=\"et_pb_blurb_content\"><div class=\"et_pb_main_blurb_image\"><span class=\"et_pb_image_wrap\"><span class=\"et-pb-icon\">R<\/span><\/span><\/div><div class=\"et_pb_blurb_container\"><h4 class=\"et_pb_module_header\">Become a Volunteer<\/h4><div class=\"et_pb_blurb_description\"><p>Lend a hand and make an impact by becoming a volunteer. From local events to global projects, your time and effort are invaluable in bringing clean water to communities around the world.<\/p>\n<\/div><\/div><\/div><\/div>\n\n<div class=\"et_pb_blurb_1 et_pb_blurb et_pb_bg_layout_light et_pb_blurb_position_left et_pb_module et_block_module preset--module--divi-blurb--default\"><div class=\"et_pb_blurb_content\"><div class=\"et_pb_main_blurb_image\"><span class=\"et_pb_image_wrap\"><span class=\"et-pb-icon\">R<\/span><\/span><\/div><div class=\"et_pb_blurb_container\"><h4 class=\"et_pb_module_header\">Make a Donation<\/h4><div class=\"et_pb_blurb_description\"><p>Support our mission by making a donation today. Your generous contribution helps fund essential water projects and brings hope and health to those without access to clean water.<\/p>\n<\/div><\/div><\/div><\/div>\n\n<div class=\"et_pb_module et_pb_button_module_wrapper et_pb_button_7_wrapper preset--module--divi-button--default_wrapper\"><a class=\"et_pb_button_7 et_pb_button et_pb_bg_layout_light et_pb_module et_block_module preset--module--divi-button--default\" href=\"\">Learn mOre<\/a><\/div>\n<\/div>\n\n<div class=\"et_pb_column_17 et_pb_column et_pb_specialty_column et_pb_column_1_2 et-last-child et_block_column et_pb_css_mix_blend_mode_passthrough\">\n<div class=\"et_pb_row_inner_0 et_pb_row_inner et_pb_gutters2 et_block_row\">\n<div class=\"et_pb_column_inner_0 et_pb_column_inner et_pb_column et_pb_column_1_4 et_block_column et_pb_css_mix_blend_mode_passthrough\">\n<div class=\"et_pb_image_4 et_pb_image et_pb_module et_block_module preset--module--divi-image--default\"><span class=\"et_pb_image_wrap\"><img decoding=\"async\" src=\"http:\/\/lllljro.cluster100.hosting.ovh.net\/wp-content\/uploads\/2026\/04\/non-profit-10.jpg\" title=\"non-profit-10\" \/><\/span><\/div>\n\n<div class=\"et_pb_image_5 et_pb_image et_pb_module et_block_module preset--module--divi-image--default\"><span class=\"et_pb_image_wrap\"><img decoding=\"async\" src=\"http:\/\/lllljro.cluster100.hosting.ovh.net\/wp-content\/uploads\/2026\/04\/non-profit-05.jpg\" title=\"non-profit-05\" \/><\/span><\/div>\n<\/div>\n\n<div class=\"et_pb_column_inner_1 et_pb_column_inner et_pb_column et_pb_column_1_4 et-last-child et_block_column et_pb_css_mix_blend_mode_passthrough\">\n<div class=\"et_pb_image_6 et_pb_image et_pb_module et_block_module preset--module--divi-image--default\"><span class=\"et_pb_image_wrap\"><img decoding=\"async\" src=\"http:\/\/lllljro.cluster100.hosting.ovh.net\/wp-content\/uploads\/2026\/04\/non-profit-09.jpg\" title=\"non-profit-09\" \/><\/span><\/div>\n\n<div class=\"et_pb_image_7 et_pb_image et_pb_module et_block_module preset--module--divi-image--default\"><span class=\"et_pb_image_wrap\"><img decoding=\"async\" src=\"http:\/\/lllljro.cluster100.hosting.ovh.net\/wp-content\/uploads\/2026\/04\/non-profit-04.jpg\" title=\"non-profit-04\" \/><\/span><\/div>\n<\/div>\n<\/div>\n<\/div>\n<\/div><\/div>\n\n<div class=\"et_pb_section_8 et_pb_section et_section_regular et_block_section preset--module--divi-section--8e8869c8-804c-4f0a-b398-edb99486105d\">\n<div class=\"et_pb_row_9 et_pb_row et_block_row\">\n<div class=\"et_pb_column_18 et_pb_column et_pb_column_4_4 et-last-child et_block_column et_pb_css_mix_blend_mode_passthrough\">\n<div class=\"et_pb_heading_19 et_pb_heading et_pb_module et_block_module preset--module--divi-heading--default\"><div class=\"et_pb_heading_container\"><h2 class=\"et_pb_module_header\">Join Us in the Journey to Revive and Protect These Underwater Wonderlands for Future Generations.<\/h2><\/div><\/div>\n\n<div class=\"et_pb_module et_pb_button_module_wrapper et_pb_button_8_wrapper preset--module--divi-button--default_wrapper\"><a class=\"et_pb_button_8 et_pb_button et_pb_bg_layout_light et_pb_module et_block_module preset--module--divi-button--default\" href=\"\">Get Involved<\/a><\/div>\n<\/div>\n<\/div>\n<\/div>","protected":false},"excerpt":{"rendered":"","protected":false},"author":2,"featured_media":0,"parent":0,"menu_order":0,"comment_status":"closed","ping_status":"closed","template":"","meta":{"footnotes":""},"class_list":["post-14","page","type-page","status-publish","hentry"],"_links":{"self":[{"href":"https:\/\/patapon95.fr\/index.php\/wp-json\/wp\/v2\/pages\/14","targetHints":{"allow":["GET"]}}],"collection":[{"href":"https:\/\/patapon95.fr\/index.php\/wp-json\/wp\/v2\/pages"}],"about":[{"href":"https:\/\/patapon95.fr\/index.php\/wp-json\/wp\/v2\/types\/page"}],"author":[{"embeddable":true,"href":"https:\/\/patapon95.fr\/index.php\/wp-json\/wp\/v2\/users\/2"}],"replies":[{"embeddable":true,"href":"https:\/\/patapon95.fr\/index.php\/wp-json\/wp\/v2\/comments?post=14"}],"version-history":[{"count":2,"href":"https:\/\/patapon95.fr\/index.php\/wp-json\/wp\/v2\/pages\/14\/revisions"}],"predecessor-version":[{"id":76,"href":"https:\/\/patapon95.fr\/index.php\/wp-json\/wp\/v2\/pages\/14\/revisions\/76"}],"wp:attachment":[{"href":"https:\/\/patapon95.fr\/index.php\/wp-json\/wp\/v2\/media?parent=14"}],"curies":[{"name":"wp","href":"https:\/\/api.w.org\/{rel}","templated":true}]}}